3, what is -111210220111 - 10?
-111210220121
In base 10, what is -21891 - 28?
-21919
In base 6, what is 110404 + 10?
110414
In base 10, what is 125160 - 0?
125160
In base 16, what is -1d0 + -156?
-326
In base 10, what is -188845 - -3?
-188842
In base 2, what is 1110100010 + 1000?
1110101010
In base 16, what is -39a - 4dc?
-876
In base 9, what is -4 - -1273414?
1273410
In base 15, what is -10c6 - 7b?
-1152
In base 7, what is -633 - 110154?
-111120
In base 14, what is 5a3 - 1bc?
3c5
In base 11, what is 14 + -6504?
-64a0
In base 5, what is 20 - -1110404?
1110424
In base 7, what is 2 + -24100?
-24065
In base 16, what is 1a + eff?
f19
In base 8, what is 1667004 + 4?
1667010
In base 8, what is -76111 + -4?
-76115
In base 5, what is 1 - 14430?
-14424
In base 10, what is -34 + 1071?
1037
In base 9, what is 106 + 7067?
7174
In base 13, what is 1 - 169305?
-169304
In base 9, what is 104 - 306?
-202
In base 5, what is 43013 + 13?
43031
In base 3, what is -20210222122202 - -2?
-20210222122200
In base 14, what is -97cd - -39?
-9794
In base 7, what is 1 + -2161635?
-2161634
In base 9, what is 4 + 16748?
16753
In base 8, what is -67 + -1033?
-1122
In base 3, what is 22 - -1001122?
1001221
In base 5, what is -2024 - 1312?
-3341
In base 13, what is -345 - -19b?
-177
In base 8, what is 16 - -676414?
676432
In base 13, what is 68551 + 5?
68556
In base 14, what is 8 - 2215?
-220b
In base 3, what is -212222021 + -11001?
-220010022
In base 2, what is 101100001 - -11110001?
1001010010
In base 11, what is 5322a - -18?
53247
In base 10, what is 201961 + 7?
201968
In base 13, what is -56262 - 3?
-56265
In base 10, what is -136 + -189?
-325
In base 11, what is 157 + -425?
-279
In base 14, what is 3b82 + 78?
3c1a
In base 16, what is 29 - 2cd3?
-2caa
In base 8, what is 4310 - 23?
4265
In base 11, what is -52 + -1?
-53
In base 15, what is -62 - -28ab?
2849
In base 4, what is -2003 - -1200312?
1132303
In base 3, what is 10 - 1201021212?
-1201021202
In base 12, what is 80 - -200a?
208a
In base 4, what is 311333021 + 10?
311333031
In base 13, what is -10 + 4a629?
4a619
In base 10, what is -9 + 21358?
21349
In base 12, what is -3aa - 74?
-462
In base 14, what is -13cab - b?
-13cb8
In base 7, what is -11 + 2251060?
2251046
In base 3, what is -101211002 - 200?
-101211202
In base 14, what is -2 + 5262?
5260
In base 16, what is -a35 - -3e?
-9f7
In base 3, what is 2 + 1011012202?
1011012211
In base 9, what is -1 - -680156?
680155
In base 8, what is -502 - -1434?
732
In base 5, what is 0 + -13413410?
-13413410
In base 13, what is 6c00 - -35?
6c35
In base 16, what is 2 - -1706?
1708
In base 12, what is -34053a + -a?
-340548
In base 6, what is -13 - -123510?
123453
In base 8, what is 114635 - -1?
114636
In base 12, what is 12649 - -26?
12673
In base 9, what is -5 + -18256?
-18262
In base 16, what is 56d9c + -5?
56d97
In base 7, what is 5062616 - 0?
5062616
In base 3, what is 10010001211221 + -2?
10010001211212
In base 13, what is -2a - -789?
75c
In base 3, what is -11021 + -200102?
-211200
In base 5, what is 21 - -20100?
20121
In base 16, what is -3434 - -a5?
-338f
In base 13, what is -c - 113b0?
-113bc
In base 4, what is 123100 + -2123?
120311
In base 9, what is -4418357 - -1?
-4418356
In base 7, what is -1105 + 3044?
1636
In base 13, what is -7b80 + 87?
-7ac6
In base 3, what is -200 - 210011201?
-210012101
In base 12, what is 188486 + 3?
188489
In base 5, what is -100304023 + 0?
-100304023
In base 6, what is 5 - -353424?
353433
In base 3, what is 1002212 + -102201?
200011
In base 12, what is 25062 + 0?
25062
In base 14, what is -5 + -653?
-658
In base 12, what is -165 + b?
-156
In base 3, what is -12011112002 - 11?
-12011112020
In base 12, what is -2b9653 - -1?
-2b9652
In base 8, what is -146203 + 2?
-146201
In base 15, what is -67 - 7a82?
-7ae9
In base 16, what is -bf04 + 2?
-bf02
In base 7, what is 320 + 1436?
2056
In base 6, what is -1353410 - -20?
-1353350
In base 9, what is -8105 - 1?
-8106
In base 16, what is -155ac + 14?
-15598
In base 7, what is 6 + -1413?
-1404
In base 8, what is 372327 - -2?
372331
In base 7, what is -2450062 - -20?
-2450042
In base 11, what is 14286 - 6?
14280
In base 7, what is -44335 + -211?
-44546
In base 3, what is 20020221210 + 1?
20020221211
In base 13, what is -99 + 2302?
2236
In base 13, what is 1761 - -b2?
1843
In base 6, what is 2220543 - -1?
2220544
In base 15, what is 20056 + -24?
20032
In base 10, what is -5 - 113494?
-113499
In base 8, what is 176302 + -4?
176276
In base 13, what is -17 - -6ac?
695
In base 12, what is -7 + 65a1?
6596
In base 4, what is 3211 - -10033?
13310
In base 9, what is 5 - -16810?
16815
In base 12, what is 128450 + -1?
12844b
In base 7, what is 2024512 + 5?
2024520
In base 6, what is -343 - -5000?
4213
In base 5, what is -33114440 + 4?
-33114431
In base 16, what is -35a2 + 19?
-3589
In base 13, what is -1c30 + -51b?
-244b
In base 11, what is 120a6 + 36?
12131
In base 2, what is 10 + 1010111000001010?
1010111000001100
In base 7, what is 10 - 20020?
-20010
In base 3, what is -1200102 - -202?
-1122200
In base 13, what is -18a + 71?
-119
In base 9, what is 158 + -4860?
-4701
In base 8, what is 7 - -140553?
140562
In base 15, what is 0 + 1a720?
1a720
In base 5, what is -333 - 323143?
-324031
In base 13, what is -174c + 4?
-1748
In base 2, what is 1011001001101001 + 100?
1011001001101101
In base 16, what is -117 - e2?
-1f9
In base 6, what is 4330 + 12154?
20524
In base 15, what is 6dc8 + -1?
6dc7
In base 12, what is 17 - -168?
183
In base 15, what is 69 + -1859?
-17e0
In base 8, what is -32 + -1477?
-1531
In base 14, what is 0 + -2120?
-2120
In base 12, what is 1921 - 1a1?
1740
In base 15, what is -171da + 18?
-171c2
In base 11, what is -48a1 + 2?
-489a
In base 12, what is -9a934 - -4?
-9a930
In base 15, what is -ea56 - 3?
-ea59
In base 5, what is -43040 - -123?
-42412
In base 3, what is -120210 - 21110?
-212020
In base 11, what is -57998 + 4?
-57994
In base 10, what is 54858 + 4?
54862
In base 14, what is 1 + -14973?
-14972
In base 6, what is 0 - -143003?
143003
In base 4, what is 2 - -1322312132?
1322312200
In base 4, what is 21 + -112130?
-112103
In base 8, what is 110 + 751?
1061
In base 2, what is -10010101111 + 1010100?
-10001011011
In base 14, what is 8 - 3a27?
-3a1d
In base 12, what is 528 - -307?
833
In base 2, what is 11001 - 100100011110?
-100100000101
In base 11, what is -937 + -350?
-1187
In base 6, what is -14 - -1255?
1241
In base 12, what is 10a756 + 7?
10a761
In base 11, what is -24a + 19?
-231
In base 8, what is 133000 - -40?
133040
In base 16, what is 6 - -4fbe?
4fc4
In base 7, what is 0 + -2630525?
-2630525
In base 7, what is -3 - 4031200?
-4031203
In base 8, what is 372420 + -4?
372414
In base 14, what is 11315 + 92?
113a7
In base 11, what is -1091266 + 3?
-1091263
In base 4, what is 301031 + 31?
301122
In base 9, what is 1121 - -372?
1503
In base 13, what is -6 - 2522?
-2528
In base 15, what is 38 + -97?
-5e
In base 4, what is 23000 + 12202?
101202
In base 12, what is 10a + 2090?
219a
In base 5, what is 2440411430 - 3?
2440411422
In base 16, what is f659 + 3?
f65c
In base 10, what is -130 - -861?
731
In base 8, what is -23 + 15540?
15515
In base 16, what is 780a + 0?
780a
In base 2, what is -1100001011010010110 + -11?
-1100001011010011001
In base 13, what is 3 + 37b?
381
In base 15, what is 17c + 6d6?
863
In base 16, what is -460d + -35?
-4642
In base 5, what is -10221 + 10141?
-30
In base 8, what is -442 + 746?
304
In base 5, what is -2422 - -123?
-2244
In base 6, what is 21 - 114411?
-114350
In base 14, what is 2bcc6 - -2?
2bcc8
In base 14, what is -37c + 98?
-2c4
In base 4, what is 1323023 + 2133?
1331222
In base 4, what is -131220322 + -11?
-131220333
In base 12, what is 35171 + -3?
3516a
In base 13, what is -c6 + -2b8?
-3b1
In base 6, what is -21313 + 141?
-21132
In base 6, what is 0 + 55101?
55101
In base 12, what is -5 - 271a?
-2723
In base 14, what is -13751c + 0?
-13751c
In base 9, what is 43 + 431?
474
In base 2, what is -111 + -10100101011001?
-10100101100000
In base 9, what is -1 - 1220446?
-1220447
In base 12, what is 28b63 + 5?
28b68
In base 6, what is -23 - 12025?
-12052
In base 15, what is -d778 + -96?
-d81e
In base 14, what is 85d0 - -51?
8641
In base 2, what is -11101001000111 - -